+ g - 432. Let p = g + -31. What is the tens digit of p?
4
Let l = 20 + -23. Let u = 59 - l. What is the tens digit of u?
6
Suppose 14*a = 18*a + 1836. Let g = -200 - a. What is the hundreds digit of g?
2
Suppose -p - o = 7, 4*p - 3*p + 5*o = -27. What is the units digit of 5 - -70 - 0/p?
5
Suppose -3*o = -4*t + 1 - 5, -4*t + 4 = -o. Suppose -284 = -2*p - t*p. What is the units digit of p?
1
Suppose 6*g + 247 - 1423 = 0. What is the units digit of g?
6
Let y(k) = k**2 - 11*k + 12. Let q be y(9). Let m be (-392)/6*(-9)/q. What is the tens digit of m/(-8) - (-21)/28?
1
Let s be 5/(20/(-32)) + 1. Let y = s + 12. Suppose 0 = -y*h + 18 + 7. What is the units digit of h?
5
Suppose 2*i - 9*i + 63 = 0. Suppose -42 = -i*d + 7*d. What is the units digit of d?
1
Suppose 7*q - 11606 = -2961. What is the tens digit of q?
3
Suppose 2*u - s = 376, u - 2*s = 207 - 13. What is the tens digit of u?
8
Suppose -2*l = -3*j - 2034, -2*l + 1277 = -2*j - 761. What is the thousands digit of l?
1
Let a = 417 - 258. Let p = 286 - a. What is the tens digit of p?
2
Let j(a) = -2*a**3 + a**2 - a - 2. Let g be j(0). Let n(c) = 14*c**2 - c + 1. What is the tens digit of n(g)?
5
Let n be ((-3)/4)/(33/(-88)). Let d(s) = 2*s**n + s**2 - s - 23*s**3 - 2*s**2 + 2*s. What is the tens digit of d(-1)?
2
Let h(f) = -4*f**2 + 27*f + 6. Let r be h(7). What is the tens digit of 5168/56 - (r + (-9)/(-7))?
9
Suppose 5*v = -10*b + 5*b, 3*v + 5*b = -4. Suppose 6*y + v = 5*y. What is the units digit of 3 + y - (4 - 5)?
2
Suppose -h - 7 = -4, 5*o - 31 = 2*h. Let b(j) = j**3 - 5*j**2 + 3*j - 5. What is the units digit of b(o)?
0
Let n = 21 - 18. Suppose 5*c = 3*x + 10, -4*x + 6 = -0*c + n*c. What is the units digit of c?
2
Suppose 29 = 6*c - 5*c. Let u = 1 - 18. Let m = u + c. What is the tens digit of m?
1
Suppose 2*m - 81 - 127 = 4*b, -b + 487 = 5*m. What is the tens digit of m?
9
Suppose 18 + 2 = 4*w. Let v = 16 - w. What is the tens digit of v?
1
Let y = -4851 + 6932. What is the hundreds digit of y?
0
Let k(s) = 558*s - 206. What is the hundreds digit of k(4)?
0
Let c = 5868 - 2564. What is the units digit of c?
4
Let y = -12 - -12. Suppose y = 3*g - 4*m - 59 - 121, m + 227 = 4*g. What is the units digit of g?
6
Suppose 3*c = -0*i + 2*i + 1038, 3*c + 2*i = 1026. Let v = -33 + c. What is the hundreds digit of v?
3
Suppose 2*b + 8 = 4*b + 2*d, d = -2*b + 9. Let n = -518 + 540. Suppose -118 = -b*w + n. What is the units digit of w?
8
Let o be (6 + -4)/(-2) + 4. Suppose -o - 45 = -3*v. What is the tens digit of v?
1
What is the tens digit of (-42)/(-12 + 5)*(-254)/(-2)?
6
Suppose 27*c + 5447 = 152516. What is the thousands digit of c?
5
Let g(b) = -8*b + 15*b**2 + 2*b - b**2 - 6 - 2*b. What is the units digit of g(4)?
6
Let w(i) = -i**3 + 8*i**2 - 8*i + 6. Suppose 18 = 5*g - 12. What is the units digit of w(g)?
0
Suppose 8 = -4*p - f + 45, 0 = -3*p - 5*f + 49. Suppose -14 = -5*c + 4*d + 6, 4*d - 36 = -2*c. Let u = c + p. What is the tens digit of u?
1
Let k(r) = -10*r + 13. Let i(o) = -o**2 + 3*o + 14. Let f be i(-4). What is the hundreds digit of k(f)?
1
Suppose 150 = -3*d + 771. Suppose 0*r + d = 3*r. What is the tens digit of r?
6
Suppose 4*p - 579 - 1161 = -4*k, 898 = 2*k - 5*p. What is the tens digit of k?
3
Let l(j) = 43 - 43 + j. Let v be l(1). What is the units digit of (-3*v)/(2/(-4))?
6
Suppose -6*b - 4145 = -3*k - 5*b, -k + 1385 = 3*b. What is the thousands digit of k?
1
Let o(h) = h + 8. Let u be (0 - 2)/((-6)/21). Suppose u*q - 4*q = c - 20, -c - 5*q - 12 = 0. What is the units digit of o(c)?
6
Let c = -97 - -105. What is the units digit of (292 + c/(-4))*2/4?
5
Suppose 2*j - 2*c + 6 = -0*j, -2*j = -5*c + 15. Suppose 0 = -j*u + 3*u - 156. Suppose 2*i - 4*k - 26 - u = 0, 3*i - k = 122. What is the tens digit of i?
4
Let j(c) be the second derivative of 5*c**3 - c**2 - 27*c. What is the units digit of j(4)?
8
Suppose -64*h = -69*h + 1980. What is the units digit of h?
6
Suppose -5*g = -j - 125, 5*g + 3*j = 7*j + 140. Let b = g + 25. What is the tens digit of b?
4
Let p be (-1)/3 - 10/(-30). Let m be 78 + (-4)/8*p. Suppose 4*y = -x - 30 + 186, 2*y - 5*x = m. What is the tens digit of y?
3
Let o = 33 - 50. Let g = o - -17. Let u(y) = -y + 13. What is the tens digit of u(g)?
1
Let i be (((-111)/2)/(-3))/(3/12). Let x = 134 + i. What is the units digit of x?
8
What is the units digit of (-3)/2 - 116928/(-128)?
2
Suppose 0 = -8*l + 2202 + 7998. What is the thousands digit of l?
1
Let r(i) = 109*i**2 - 85*i - 4. What is the tens digit of r(-3)?
3
Suppose 0 = -8*b - 12*b + 68540. What is the units digit of b?
7
Let s(d) = 426*d + 31. What is the hundreds digit of s(1)?
4
Let x = 799 + -569. What is the tens digit of x?
3
Let l(n) = n**2 + n + 8. Let v be l(0). Suppose 2*s + 3*p = v, -2*s - 2*s - p = -16. Suppose 0 = -s*r + r + 114. What is the tens digit of r?
3
Let h(z) = 3*z**3 + 8*z**2 - 40*z - 37. Let o(t) = t**3 + 3*t**2 - 13*t - 12. Let n(f) = 2*h(f) - 7*o(f). What is the units digit of n(-7)?
1
What is the units digit of 28/16*4 - -1088?
5
Let y be 0 + -1 + -1 - -4. Suppose 3*w = 5*o - 61, 4*o + y*w = -0*w + 40. What is the tens digit of o?
1
Let f = -1256 + 2162. What is the tens digit of f?
0
Suppose -3*v + 25 = -2*u - 0*u, 5*u = -25. Suppose v*g - 23 = -5*h - 163, -2*g = -5*h - 126. Let t = h + 43. What is the tens digit of t?
1
Let v(g) = 15*g - 35. What is the units digit of v(34)?
5
Let x(r) = -r + 21. Suppose 3*w - 2 = -5. Let y = -14 + w. What is the units digit of x(y)?
6
Let w = -75 - -32. Let f = w + 219. What is the units digit of f?
6
Suppose 9*s = 7*s. Suppose s = -5*x + 298 + 137. What is the units digit of x?
7
Suppose -2*o = -5*v + 900, -910 = -5*v + 3*o + o. Suppose 3*b - 4*p - v = -3*p, 0 = 2*b + 4*p - 142. What is the tens digit of b?
6
Let c be 46/10 + (-6)/(-15). Suppose 2*y + c*s + 57 = 0, -2*y = -5*s + 46 + 61. Let f = y - -70. What is the tens digit of f?
2
What is the units digit of 2144/28 + (-4)/7?
6
Let f = -5285 - -8090. What is the thousands digit of f?
2
Suppose -6*x = -18 - 636. Let n = x + -71. What is the tens digit of n?
3
Let u(d) = 6*d**2 + 16*d - 61. What is the hundreds digit of u(11)?
8
Let o be (-6)/27 - 47/(-9). Suppose -z + 6*z + 4*n = -10, 0 = 2*z - 5*n - 29. Suppose 80 = 3*i - z*s, i + o*s = 6*i - 140. What is the units digit of i?
4
Let j be -21*(-1)/3 - -2. Let c = 9 - j. What is the units digit of -4 + c - 30/(-1)?
6
What is the units digit of 2/(-6) + (-17322)/(-18)?
2
Let y(o) = 48 + 25 + 19*o - 24 + 20 + o**2. What is the hundreds digit of y(-22)?
1
Let u(b) = 0*b + 4*b - 100 + 80 + b. What is the units digit of u(14)?
0
Let s(i) = -i**3 - 3*i**2 - i + 943. What is the units digit of s(0)?
3
Suppose 3*w - 34 + 22 = 0, -2*w = 4*u - 16100. What is the thousands digit of u?
4
Let t be 7*((-15)/(-3))/5. Let w = t - 3. Suppose -w*f - 7*n = -3*n - 112, -4*f + 2*n + 100 = 0. What is the units digit of f?
6
Suppose -89905 = -24*r + 3959. What is the tens digit of r?
1
Let a = 39 + -25. Let w = a - -9. What is the tens digit of w?
2
What is the tens digit of 795*7/(-21)*-3?
9
Let j = 183 - -419. What is the hundreds digit of j?
6
Suppose -4*g + 19 + 5 = 0. Let y(v) = 3*v**2 - 10*v + 7. What is the units digit of y(g)?
5
Suppose 3*n + 5*q = 2*q + 10905, 3*n = 5*q + 10913. What is the thousands digit of n?
3
Suppose 0 = 31*a + 511 - 3425. What is the units digit of a?
4
Let z(l) = 68*l - 255. What is the hundreds digit of z(17)?
9
Suppose 7*b + 825 = 4*d + 2*b, -3*d + 5*b = -625. What is the tens digit of 3/(3 + (-588)/d)?
5
Let j be 4/14 + 2970/(-105). What is the tens digit of 1/(-2) - 518/j?
1
Suppose 3*t + 4*y = 16, 4*t - 5*y - 85 = -t. Suppose -3*a + t = 2*c, 0*a = 4*a + 5*c - 9. What is the units digit of a?
6
Let v = -349 + 700. What is the tens digit of v?
5
Let r(v) = -v**3 + 10*v**2 + 4*v - 3. Let a be r(9). Let x = a + 6. What is the hundreds digit of x?
1
Let j(m) = m**3 - 14*m**2 + 17*m + 76. What is the hundreds digit of j(14)?
3
Let g(h) be the third derivative of h**6/120 - h**5/60 - 5*h**4/12 + 11*h**3/6 + 34*h**2. What is the tens digit of g(7)?
3
Let w(c) = -5*c**3 - 11*c**2 - 25*c + 27. What is the hundreds digit of w(-8)?
0
Suppose 0 = -352*f + 376*f - 35160. What is the hundreds digit of f?
4
Let q(i) = -6*i**3 + 2